{"id":14,"date":"2013-10-21T23:39:47","date_gmt":"2013-10-21T21:39:47","guid":{"rendered":"http:\/\/wordpress.p206744.webspaceconfig.de\/?page_id=14"},"modified":"2020-01-09T10:58:55","modified_gmt":"2020-01-09T08:58:55","slug":"akademie","status":"publish","type":"page","link":"https:\/\/geospatial-akademie.visual-image.de\/index.php\/akademie\/","title":{"rendered":"Die Akademie"},"content":{"rendered":"<div id='layer_slider_1'  class='avia-layerslider main_color avia-shadow  avia-builder-el-0  el_before_av_one_full  avia-builder-el-first  container_wrap sidebar_right'  style='height: 151px; max-width: 1140px; margin: 0 auto;'  ><\/div><div id='after_layer_slider_1'  class='main_color av_default_container_wrap container_wrap sidebar_right'  ><div class='container av-section-cont-open' ><div class='template-page content  av-content-small alpha units'><div class='post-entry post-entry-type-page post-entry-14'><div class='entry-content-wrapper clearfix'>\n<div  class='flex_column av-198em-4fbd6f73899581d054452ff2fa543d8f av_one_full  avia-builder-el-1  el_after_av_layerslider  avia-builder-el-no-sibling  first flex_column_div  '     ><section  class='av_textblock_section av-r08e-d01074b4ddc78203605b0c45961ce95c '   itemscope=\"itemscope\" itemtype=\"https:\/\/schema.org\/CreativeWork\" ><div class='avia_textblock'  itemprop=\"text\" ><h1><span style=\"color: #1d5693;\">DIE GEOSPATIAL AKADEMIE<\/span><\/h1>\n<p>Die Hauptaufgabe unserer Akademie besteht darin, Ihre Kompetenz als Anwender und Nutzer weiter auszubauen. Dies geschieht durch ein praxisnahes Angebot verschiedener Schulungsma\u00dfnahmen und Workshops. Als Dienstleister f\u00fcr unsere Kunden sehen wir uns als Lernbegleiter und Innovationstreiber.<\/p>\n<h2><span style=\"color: #1d5693;\">Referenten<\/span><\/h2>\n<p>Die Referenten verf\u00fcgen alle \u00fcber jahrelange Erfahrung im Umgang mit den Systemen und L\u00f6sungen aus dem Hause Trimble.<\/p>\n<p>Derzeit geh\u00f6ren folgende Personen zu unserem Referententeam:<\/p>\n<ul>\n<li>Sandro M\u00fcller<\/li>\n<li>Danny Nickel<\/li>\n<li>Stefan Wanke<\/li>\n<li>Tobias Wicht<\/li>\n<\/ul>\n<h2><span style=\"color: #1d5693;\">Philosophie<\/span><\/h2>\n<p>Die Philosophie unserer Schulungen und Workshops beruht auf der Erfahrung in der t\u00e4glichen Zusammenarbeit mit unseren Kunden. Die Schulungsinhalte werden daraus zentral abgeleitet. Der praxisgerechte Nutzen steht dabei im Vordergrund.<\/p>\n<\/div><\/section><\/div>\n","protected":false},"excerpt":{"rendered":"","protected":false},"author":2,"featured_media":0,"parent":0,"menu_order":0,"comment_status":"open","ping_status":"closed","template":"","meta":{"footnotes":""},"class_list":["post-14","page","type-page","status-publish","hentry"],"_links":{"self":[{"href":"https:\/\/geospatial-akademie.visual-image.de\/index.php\/wp-json\/wp\/v2\/pages\/14","targetHints":{"allow":["GET"]}}],"collection":[{"href":"https:\/\/geospatial-akademie.visual-image.de\/index.php\/wp-json\/wp\/v2\/pages"}],"about":[{"href":"https:\/\/geospatial-akademie.visual-image.de\/index.php\/wp-json\/wp\/v2\/types\/page"}],"author":[{"embeddable":true,"href":"https:\/\/geospatial-akademie.visual-image.de\/index.php\/wp-json\/wp\/v2\/users\/2"}],"replies":[{"embeddable":true,"href":"https:\/\/geospatial-akademie.visual-image.de\/index.php\/wp-json\/wp\/v2\/comments?post=14"}],"version-history":[{"count":30,"href":"https:\/\/geospatial-akademie.visual-image.de\/index.php\/wp-json\/wp\/v2\/pages\/14\/revisions"}],"predecessor-version":[{"id":1283,"href":"https:\/\/geospatial-akademie.visual-image.de\/index.php\/wp-json\/wp\/v2\/pages\/14\/revisions\/1283"}],"wp:attachment":[{"href":"https:\/\/geospatial-akademie.visual-image.de\/index.php\/wp-json\/wp\/v2\/media?parent=14"}],"curies":[{"name":"wp","href":"https:\/\/api.w.org\/{rel}","templated":true}]}}

<div id='layer_slider_1'  class='avia-layerslider main_color avia-shadow  avia-builder-el-0  el_before_av_one_full  avia-builder-el-first  container_wrap sidebar_right'  style='height: 151px; max-width: 1140px; margin: 0 auto;'  ></div><div id='after_layer_slider_1'  class='main_color av_default_container_wrap container_wrap sidebar_right'  ><div class='container av-section-cont-open' ><div class='template-page content  av-content-small alpha units'><div class='post-entry post-entry-type-page post-entry-14'><div class='entry-content-wrapper clearfix'>
<div  class='flex_column av-198em-4fbd6f73899581d054452ff2fa543d8f av_one_full  avia-builder-el-1  el_after_av_layerslider  avia-builder-el-no-sibling  first flex_column_div  '     ><section  class='av_textblock_section av-r08e-d01074b4ddc78203605b0c45961ce95c '   itemscope="itemscope" itemtype="https://schema.org/CreativeWork" ><div class='avia_textblock'  itemprop="text" ><h1><span style="color: #1d5693;">DIE GEOSPATIAL AKADEMIE</span></h1>
<p>Die Hauptaufgabe unserer Akademie besteht darin, Ihre Kompetenz als Anwender und Nutzer weiter auszubauen. Dies geschieht durch ein praxisnahes Angebot verschiedener Schulungsmaßnahmen und Workshops. Als Dienstleister für unsere Kunden sehen wir uns als Lernbegleiter und Innovationstreiber.</p>
<h2><span style="color: #1d5693;">Referenten</span></h2>
<p>Die Referenten verfügen alle über jahrelange Erfahrung im Umgang mit den Systemen und Lösungen aus dem Hause Trimble.</p>
<p>Derzeit gehören folgende Personen zu unserem Referententeam:</p>
<ul>
<li>Sandro Müller</li>
<li>Danny Nickel</li>
<li>Stefan Wanke</li>
<li>Tobias Wicht</li>
</ul>
<h2><span style="color: #1d5693;">Philosophie</span></h2>
<p>Die Philosophie unserer Schulungen und Workshops beruht auf der Erfahrung in der täglichen Zusammenarbeit mit unseren Kunden. Die Schulungsinhalte werden daraus zentral abgeleitet. Der praxisgerechte Nutzen steht dabei im Vordergrund.</p>
</div></section></div>
